e 11, what is -843 - -7?
-837
In base 11, what is -32839 - 5?
-32843
In base 12, what is -1a + -515?
-533
In base 13, what is 176 - -75?
21b
In base 10, what is -16765 - -1?
-16764
In base 9, what is -22 - 3052?
-3074
In base 11, what is -494 - 475?
-959
In base 13, what is -8446a + 5?
-84465
In base 3, what is 1011112 + 2022?
1020211
In base 15, what is -23285 - -33?
-23252
In base 3, what is -222112 + -11111?
-1011000
In base 9, what is -24474 + -3?
-24477
In base 14, what is 9d8 - 18?
9c0
In base 11, what is -4aa39 + -5?
-4aa43
In base 2, what is -111 - 1010010101100010?
-1010010101101001
In base 3, what is -111102221001 + 0?
-111102221001
In base 4, what is -1032 + -11030200?
-11031232
In base 4, what is 2 - -1332302110?
1332302112
In base 9, what is -650 - 220?
-870
In base 10, what is -31 + -12222?
-12253
In base 4, what is 303003003 - -11?
303003020
In base 3, what is -112 - 10212?
-11101
In base 14, what is -3 + -25a89?
-25a8c
In base 9, what is -77 + 7124?
7036
In base 14, what is -979 + 3?
-976
In base 14, what is -50 - 1c62?
-1cb2
In base 7, what is 4 - -615002?
615006
In base 14, what is 5 - 18b?
-186
In base 6, what is -1322014 - 5?
-1322023
In base 12, what is -16846 + 5?
-16841
In base 6, what is 3 + 120211?
120214
In base 15, what is 6aeb5 - 5?
6aeb0
In base 8, what is 247213 + 5?
247220
In base 14, what is -2 + 42c29?
42c27
In base 8, what is 6226 - 144?
6062
In base 2, what is -111110111111010 - -10111?
-111110111100011
In base 5, what is 104311 - -4040?
113401
In base 15, what is -2b57 + -4?
-2b5b
In base 8, what is 2011 + -21?
1770
In base 13, what is a - 2a30?
-2a23
In base 2, what is 1101001111101 - 10000?
1101001101101
In base 7, what is -165612 + 15?
-165564
In base 13, what is -13 + -1917?
-192a
In base 15, what is c9d + 18?
cb6
In base 15, what is 19b3 + 4c?
1a10
In base 7, what is 613 - -13?
626
In base 11, what is -3 + -113576?
-113579
In base 2, what is -100011010011 - 10101011111?
-111000110010
In base 10, what is -4 + -449641?
-449645
In base 4, what is -1012230132 - 1?
-1012230133
In base 14, what is -cb93a - d?
-cb949
In base 6, what is 5 + -20314212?
-20314203
In base 9, what is -267155 - -11?
-267144
In base 9, what is -18768613 + -1?
-18768614
In base 6, what is -305453 - 230?
-310123
In base 8, what is -1035374 + -14?
-1035410
In base 6, what is -4 - 3543?
-3551
In base 12, what is -8 - -5a8a?
5a82
In base 8, what is -13615 + 30?
-13565
In base 9, what is 772 - -151?
1033
In base 4, what is -3 - 2232321?
-2232330
In base 7, what is 5606666 + 1?
5610000
In base 3, what is 20022010 - 10102?
20011201
In base 5, what is 403104 - 0?
403104
In base 11, what is 49 - -3786?
3824
In base 6, what is 41501 - 14?
41443
In base 13, what is 5 + 3976?
397b
In base 12, what is 21 - -22b9?
231a
In base 4, what is 120 - -1121323?
1122103
In base 3, what is -110002220122122 - -11?
-110002220122111
In base 2, what is 1101001010111011 + -11?
1101001010111000
In base 4, what is -2101031323 + -11?
-2101032000
In base 3, what is 102 + 112012000201?
112012001010
In base 15, what is -21 + 5d4?
5b3
In base 11, what is -1577 - 2?
-1579
In base 7, what is 134 - -32014?
32151
In base 7, what is -110420 - 1?
-110421
In base 10, what is -23 - 984?
-1007
In base 12, what is -404 - -43?
-381
In base 16, what is a336 + 3c?
a372
In base 11, what is 2806 - 6?
2800
In base 3, what is -10022212 + -102?
-10100021
In base 9, what is -114450 + -47?
-114507
In base 14, what is 92 - 5d3?
-541
In base 15, what is -5 - -73eee?
73ee9
In base 14, what is -31 - 1b0?
-201
In base 6, what is -5131341 - 2?
-5131343
In base 7, what is 125304 - -1?
125305
In base 10, what is 21 - 56939?
-56918
In base 7, what is 365 + -5216?
-4521
In base 16, what is -150 - 1c82?
-1dd2
In base 5, what is -340211 - -110?
-340101
In base 11, what is 12314 - 60?
12264
In base 5, what is -12443 + -3104?
-21102
In base 2, what is 101010101010 + -1010?
101010100000
In base 2, what is -1000 + -11100010011011110?
-11100010011100110
In base 15, what is 1 + 402d?
402e
In base 12, what is 39b + -3648?
-3269
In base 12, what is 16a2 - 2?
16a0
In base 11, what is -160249a - 0?
-160249a
In base 2, what is 10000011000111 - 1010?
10000010111101
In base 3, what is 10210100 - 1002?
10202021
In base 15, what is 132d - 5?
1328
In base 11, what is -212380 - 8?
-212388
In base 7, what is -4326146 + 5?
-4326141
In base 16, what is -4ff - -2?
-4fd
In base 11, what is -2a883 - 26?
-2a8a9
In base 14, what is -18d - -18d?
0
In base 11, what is -19325 - -5?
-19320
In base 6, what is -32554 + -154?
-33152
In base 13, what is 48 + -306?
-28b
In base 11, what is 172 + -175?
-3
In base 12, what is -6060 + -3?
-6063
In base 7, what is 405 - 105?
300
In base 9, what is -2 + -50885?
-50887
In base 8, what is -3 - -60507?
60504
In base 3, what is -12 - 2122201211?
-2122202000
In base 4, what is 11210 + -111330?
-100120
In base 2, what is -10000101111101111 + 1?
-10000101111101110
In base 11, what is 3 + 15475?
15478
In base 5, what is 221 + -211001?
-210230
In base 16, what is -14 - -662?
64e
In base 5, what is 1310 - 324?
431
In base 12, what is 22ab6b - -4?
22ab73
In base 7, what is -2 + 254226?
254224
In base 15, what is -6429 + -10?
-6439
In base 4, what is -3131223200 - -1?
-3131223133
In base 12, what is -52 + 8?
-46
In base 14, what is -5 - -1cd22?
1cd1b
In base 14, what is d731 + 5?
d736
In base 7, what is -3 - 10333145?
-10333151
In base 9, what is -201 - 4225?
-4426
In base 4, what is 12310103022 - -2?
12310103030
In base 16, what is 3 + -e91e?
-e91b
In base 3, what is -10210 + 211000112?
210212202
In base 4, what is 13300 + -1230?
12010
In base 4, what is 20 + -10320200?
-10320120
In base 5, what is -3 + -22303240?
-22303243
In base 9, what is 17 - 10502?
-10474
In base 11, what is 152050 - 12?
152039
In base 2, what is 101 + -1000101001001?
-1000101000100
In base 7, what is 41 + 204322?
204363
In base 15, what is -24 + 1d9?
1b5
In base 13, what is -15446 - 1?
-15447
In base 15, what is -586b + -7?
-5873
In base 7, what is -6 - 213334?
-213343
In base 13, what is 27ac8 - 36?
27a92
In base 15, what is 14a996 - -1?
14a997
In base 7, what is -236 + -1022?
-1261
In base 11, what is 49a - 56?
444
In base 3, what is -11 + 202122112?
202122101
In base 15, what is c9a1 - -8?
c9a9
In base 12, what is 1a + -105b?
-1041
In base 9, what is 13 + -30717?
-30704
In base 2, what is 1101101111 - -1100000111110?
1101110101101
In base 9, what is -380 + -140?
-530
In base 7, what is -5 + 4116?
4111
In base 8, what is 4 - -10711?
10715
In base 13, what is -7c0 - -1b?
-7a2
In base 4, what is -103110012 + -11?
-103110023
In base 14, what is -1 - -3a57a?
3a579
In base 4, what is 2 + 3001123022?
3001123030
In base 3, what is 11121011 - -12?
11121100
In base 12, what is -4 + -4ba4?
-4ba8
In base 16, what is -74 - d0?
-144
In base 8, what is -111342 + -31?
-111373
In base 8, what is -5 - -76765?
76760
In base 16, what is -d90 + -17?
-da7
In base 7, what is 3003315 + 3?
3003321
In base 11, what is -868 - -43?
-825
In base 8, what is -102507 - 0?
-102507
In base 8, what is -20 + 176130?
176110
In base 2, what is -1000111011 - 1001100000?
-10010011011
In base 7, what is -12 - 226433?
-226445
In base 10, what is -7 - 5566?
-5573
In base 14, what is -2d6 + b?
-2c9
In base 10, what is -12257 - -122?
-12135
In base 10, what is -1 + 165341?
165340
In base 10, what is 103 + 1229?
1332
In base 11, what is 2738a + -11?
27379
In base 3, what is -1110 + 11211001?
11202121
In base 11, what is -4 + 913a?
9136
In base 4, what is 101 + -21013222?
-21013121
In base 12, what is 17aa77 + -4?
17aa73
In base 9, what is -4 - -48263?
48258
In base 9, what is 6517 - 42?
6465
In base 4, what is -121 - 13201031?
-13201212
In base 13, what is -28a63 - 5?
-28a68
In base 3, what is 12211 + 102000100?
102020011
In base 7, what is 13 + -3344361?
-3344345
In base 6, what is -5340 - -10112?
332
In base 3, what is 21221111 + -10022?
21211012
In base 12, what is 4 + 222651?
222655
In base 2, what is -101110111100011 + 10011?
-101110111010000
In base 2, what is -101 + -101100110010110110?
-101100110010111011
In base 9, what is -4 - -47161?
47156
In base 13, what is -15b38 + 1?
-15b37
In base 7, what is -2346 + 23?
-2323
In base 3, what is -111021022122 + 210?